{"id":11,"date":"2022-06-18T11:07:51","date_gmt":"2022-06-18T11:07:51","guid":{"rendered":"https:\/\/thewordtoyou.net\/loi-cuoi-cung-de-lai-cho-the-gian\/?page_id=11"},"modified":"2022-12-20T02:22:56","modified_gmt":"2022-12-20T02:22:56","slug":"loi-noi-dau","status":"publish","type":"page","link":"https:\/\/timhieuthanhkinh.com\/loi-cuoi-cung-de-lai-cho-the-gian\/","title":{"rendered":"L\u1eddi N\u00f3i \u0110\u1ea7u"},"content":{"rendered":"<p><iframe loading=\"lazy\" title=\"YouTube video player\" src=\"\/\/www.youtube.com\/embed\/MUMm1K9gRx4?rel=0\" width=\"560\" height=\"315\" frameborder=\"0\" allowfullscreen=\"allowfullscreen\"><\/iframe><br \/>\n<span style=\"font-size: 14pt;\">YouTube: <a href=\"https:\/\/youtu.be\/MUMm1K9gRx4\">https:\/\/youtu.be\/MUMm1K9gRx4<\/a><\/span><\/p>\n<p style=\"text-align: left;\" align=\"JUSTIFY\"><iframe loading=\"lazy\" style=\"border: 0;\" src=\"https:\/\/www.opendrive.com\/player\/NV8xNzIxNTM1NzFfUUlZNFk\" width=\"297\" height=\"25\" frameborder=\"0\" scrolling=\"no\"><\/iframe><br \/>\n<span style=\"font-size: 14pt;\"><span style=\"color: #000000;\">T\u1ea3i xu\u1ed1ng:<\/span><br \/>\n<a href=\"https:\/\/od.lk\/f\/NV8xNzIxNTM1NzFf\" target=\"_blank\" rel=\"noopener\">https:\/\/od.lk\/f\/NV8xNzIxNTM1NzFf<\/a><\/span><\/p>\n<p style=\"text-align: left;\" align=\"JUSTIFY\"><iframe loading=\"lazy\" src=\"https:\/\/w.soundcloud.com\/player\/?url=https%3A\/\/api.soundcloud.com\/tracks\/1334538871&amp;color=%23ff5500&amp;inverse=false&amp;auto_play=false&amp;show_user=false\" width=\"100%\" height=\"20\" frameborder=\"no\" scrolling=\"no\"><\/iframe><br \/>\n<span style=\"font-size: 14pt;\"><span style=\"color: #000000;\">T\u1ea3i xu\u1ed1ng:<\/span><br \/>\n<a href=\"https:\/\/soundcloud.com\/huynh-christian-timothy\/00-loinoidau-gracenguyen\" target=\"_blank\" rel=\"noopener\">https:\/\/soundcloud.com\/huynh-christian-timothy\/00-loinoidau-gracenguyen<\/a><\/span><\/p>\n<p align=\"JUSTIFY\"><span style=\"font-size: 14pt; color: #000000;\"><strong>L\u1eddi N\u00f3i \u0110\u1ea7u<\/strong><\/span><\/p>\n<p align=\"JUSTIFY\"><span style=\"font-size: 14pt; color: #000000;\">K\u00ednh th\u01b0a qu\u00fd b\u1ea1n \u0111\u1ecdc,<\/span><\/p>\n<p align=\"JUSTIFY\"><span style=\"font-size: 14pt; color: #000000;\">Cu\u1ed1n s\u00e1ch \u201cL\u1eddi Cu\u1ed1i C\u00f9ng \u0110\u1ec3 L\u1ea1i Cho Th\u1ebf Gian\u201d l\u00e0 t\u1ed5ng h\u1ee3p c\u00e1c l\u1eddi t\u00e2m t\u00ecnh, l\u00e0m ch\u1ee9ng t\u1eeb c\u00e1c con d\u00e2n Ch\u00faa gi\u1eefa v\u00f2ng d\u00e2n t\u1ed9c Vi\u1ec7t Nam. H\u1ecd l\u00e0 nh\u1eefng ng\u01b0\u1eddi \u0111\u00e3 tin nh\u1eadn Tin L\u00e0nh C\u1ee9u R\u1ed7i c\u1ee7a \u0110\u1ee9c Ch\u00faa Tr\u1eddi, \u0111\u01b0\u1ee3c thu\u1ed9c v\u1ec1 H\u1ed9i Th\u00e1nh c\u1ee7a Ng\u00e0i.<\/span><\/p>\n<p align=\"JUSTIFY\"><span style=\"font-size: 14pt; color: #000000;\">T\u1ef1a c\u1ee7a cu\u1ed1n s\u00e1ch h\u00e0m \u00fd, \u0111\u00e2y l\u00e0 c\u00e1c l\u1eddi t\u00e2m t\u00ecnh, l\u00e0m ch\u1ee9ng c\u1ee7a h\u1ecd \u0111\u1ec3 l\u1ea1i cho qu\u00fd b\u1ea1n, tr\u01b0\u1edbc khi h\u1ecd \u0111\u01b0\u1ee3c Ch\u00faa \u0111\u01b0a ra kh\u1ecfi cu\u1ed9c \u0111\u1eddi n\u00e0y. Ch\u00faa c\u00f3 th\u1ec3 \u0111\u01b0a h\u1ecd ra kh\u1ecfi cu\u1ed9c \u0111\u1eddi n\u00e0y ho\u1eb7c l\u00e0 b\u1eb1ng s\u1ef1 ch\u1ebft, ho\u1eb7c l\u00e0 b\u1eb1ng s\u1ef1 th\u00e2n th\u1ec3 \u0111\u01b0\u1ee3c bi\u1ebfn h\u00f3a \u0111ang khi c\u00f2n s\u1ed1ng, trong ng\u00e0y \u0110\u1ee9c Ch\u00faa Jesus tr\u1edf l\u1ea1i \u0111\u1ec3 \u0111em H\u1ed9i Th\u00e1nh c\u1ee7a Ng\u00e0i ra kh\u1ecfi th\u1ebf gian.<\/span><\/p>\n<p align=\"JUSTIFY\"><span style=\"font-size: 14pt; color: #000000;\">Kh\u00f4ng ai bi\u1ebft ch\u1eafc khi n\u00e0o th\u00ec m\u00ecnh s\u1ebd qua \u0111\u1eddi. Nh\u01b0ng ai c\u0169ng bi\u1ebft r\u1eb1ng, m\u1ed9t ng\u01b0\u1eddi c\u00f3 th\u1ec3 qua \u0111\u1eddi v\u00e0o b\u1ea5t k\u1ef3 l\u00fac n\u00e0o, b\u1edfi b\u1ea5t c\u1ee9 nguy\u00ean nh\u00e2n n\u00e0o. C\u0169ng kh\u00f4ng ai bi\u1ebft \u0111\u01b0\u1ee3c gi\u1edd v\u00e0 ng\u00e0y \u0110\u1ee9c Ch\u00faa Jesus s\u1ebd tr\u1edf l\u1ea1i \u0111\u1ec3 \u0111em H\u1ed9i Th\u00e1nh c\u1ee7a Ng\u00e0i ra kh\u1ecfi th\u1ebf gian, tr\u01b0\u1edbc khi Ng\u00e0i ph\u00e1n x\u00e9t th\u1ebf gian b\u1eb1ng K\u1ef3 T\u1eadn Th\u1ebf, k\u00e9o d\u00e0i b\u1ea3y n\u0103m. Nh\u01b0ng con d\u00e2n Ch\u00faa \u0111\u1ec1u bi\u1ebft r\u1eb1ng, ng\u00e0y \u1ea5y \u0111\u00e3 r\u1ea5t g\u1ea7n, c\u00f3 th\u1ec3 x\u1ea3y ra b\u1ea5t k\u1ef3 l\u00fac n\u00e0o, k\u1ec3 t\u1eeb ng\u00e0y d\u00e2n I-s\u01a1-ra-\u00ean \u0111\u01b0\u1ee3c t\u00e1i l\u1eadp qu\u1ed1c v\u00e0o ng\u00e0y 14\/05\/1948.<\/span><\/p>\n<p align=\"JUSTIFY\"><span style=\"font-size: 14pt; color: #000000;\">D\u00e2n I-s\u01a1-ra-\u00ean l\u00e0 m\u1ed9t d\u00e2n t\u1ed9c \u0111\u01b0\u1ee3c Thi\u00ean Ch\u00faa ch\u1ecdn \u0111\u1ec3 thi h\u00e0nh \u01a1n c\u1ee9u r\u1ed7i c\u1ee7a Ng\u00e0i ban cho lo\u00e0i ng\u01b0\u1eddi qua h\u1ecd, c\u0169ng nh\u01b0 ban ph\u00e1t s\u1ef1 gi\u00e3i b\u00e0y v\u1ec1 Thi\u00ean Ch\u00faa qua L\u1eddi c\u1ee7a Ng\u00e0i, \u0111\u01b0\u1ee3c h\u1ecd ghi ch\u00e9p l\u1ea1i, g\u1ecdi l\u00e0 Th\u00e1nh Kinh. V\u00ec s\u1ef1 h\u1ecd ph\u1ea1m t\u1ed9i ch\u1ed1ng ngh\u1ecbch Thi\u00ean Ch\u00faa m\u00e0 d\u00e2n I-s\u01a1-ra-\u00ean \u0111\u00e3 b\u1ecb h\u00ecnh ph\u1ea1t vong qu\u1ed1c t\u1eeb ng\u00e0y 29\/07\/587 TCN. Nh\u01b0ng ch\u00ednh Thi\u00ean Ch\u00faa c\u0169ng \u0111\u00e3 h\u1ee9a s\u1ebd t\u00e1i l\u1eadp qu\u1ed1c cho h\u1ecd v\u00e0o nh\u1eefng ng\u00e0y cu\u1ed1i c\u00f9ng, li\u1ec1n tr\u01b0\u1edbc K\u1ef3 T\u1eadn Th\u1ebf.<\/span><\/p>\n<p align=\"JUSTIFY\"><span style=\"font-size: 14pt; color: #000000;\">Trong l\u1ecbch s\u1eed c\u1ee7a lo\u00e0i ng\u01b0\u1eddi, s\u1ef1 ki\u1ec7n m\u1ed9t d\u00e2n t\u1ed9c b\u1ecb m\u1ea5t n\u01b0\u1edbc su\u1ed1t h\u01a1n 2.500 n\u0103m, su\u1ed1t nhi\u1ec1u th\u1ebf h\u1ec7 ph\u1ea3i l\u01b0u l\u1ea1c \u0111\u1ebfn kh\u1eafp n\u01a1i trong th\u1ebf gian, b\u1ecb nhi\u1ec1u d\u00e2n t\u1ed9c gh\u00e9t b\u1ecf, k\u1ef3 th\u1ecb, b\u00e1ch h\u1ea1i m\u00e0 c\u00f3 th\u1ec3 t\u00e1i l\u1eadp qu\u1ed1c l\u00e0 m\u1ed9t \u0111i\u1ec1u kh\u00f3 c\u00f3 th\u1ec3 x\u1ea3y ra. Nh\u01b0ng l\u1eddi ti\u00ean tri c\u1ee7a Thi\u00ean Ch\u00faa v\u1ec1 s\u1ef1 t\u00e1i l\u1eadp qu\u1ed1c c\u1ee7a d\u00e2n I-s\u01a1-ra-\u00ean \u0111\u00e3 \u1ee9ng nghi\u1ec7m ngay trong th\u1eddi \u0111\u1ea1i c\u1ee7a ch\u00fang ta. V\u00ec s\u1ef1 t\u00e1i l\u1eadp qu\u1ed1c c\u1ee7a I-s\u01a1-ra-\u00ean l\u00e0 do ch\u00ednh Ng\u00e0i th\u1ef1c hi\u1ec7n. Ti\u1ebfp theo s\u1ebd l\u00e0 s\u1ef1 \u1ee9ng nghi\u1ec7m c\u1ee7a l\u1eddi ti\u00ean tri v\u1ec1 s\u1ef1 nh\u1eefng ai tin nh\u1eadn \u01a1n c\u1ee9u r\u1ed7i c\u1ee7a \u0110\u1ee9c Ch\u00faa Tr\u1eddi, \u0111\u01b0\u1ee3c g\u1ecdi l\u00e0 H\u1ed9i Th\u00e1nh c\u1ee7a Ng\u00e0i, s\u1ebd \u0111\u01b0\u1ee3c Ng\u00e0i \u0111em ra kh\u1ecfi th\u1ebf gian. R\u1ed3i, sau \u0111\u00f3 s\u1ebd l\u00e0 s\u1ef1 \u1ee9ng nghi\u1ec7m c\u1ee7a l\u1eddi ti\u00ean tri v\u1ec1 K\u1ef3 T\u1eadn Th\u1ebf. Qu\u00fd b\u1ea1n c\u00f3 th\u1ec3 \u0111\u1ecdc v\u1ec1 c\u00e1c l\u1eddi ti\u00ean tri n\u00e0y v\u00e0 c\u00e1c s\u1ef1 ki\u1ec7n s\u1ebd x\u1ea3y ra trong K\u1ef3 T\u1eadn Th\u1ebf tr\u00ean khu m\u1ea1ng kytanthe.net [1].<\/span><\/p>\n<p align=\"JUSTIFY\"><span style=\"font-size: 14pt; color: #000000;\">Ch\u00fang t\u00f4i c\u1ea7u xin \u0110\u1ee9c Ch\u00faa Tr\u1eddi d\u00f9ng c\u00e1c l\u1eddi t\u00e2m t\u00ecnh, l\u00e0m ch\u1ee9ng trong cu\u1ed1n s\u00e1ch n\u00e0y, kh\u00edch l\u1ec7 qu\u00fd b\u1ea1n \u0111\u1ecdc d\u00e0nh th\u1eddi gian, t\u1ef1 tra x\u00e9t l\u00f2ng m\u00ecnh v\u1ec1 \u00fd ngh\u0129a c\u1ee7a \u0111\u1eddi s\u1ed1ng. Ai l\u00e0 \u0110\u1ea5ng t\u1ea1o d\u1ef1ng n\u00ean mu\u00f4n lo\u00e0i v\u1ea1n v\u1eadt? M\u1ee5c \u0111\u00edch s\u1ef1 th\u1ef1c h\u1eefu c\u1ee7a b\u1ea1n trong th\u1ebf gian n\u00e0y l\u00e0 g\u00ec? Sau khi qua \u0111\u1eddi b\u1ea1n s\u1ebd \u0111i v\u1ec1 \u0111\u00e2u?<\/span><\/p>\n<p align=\"JUSTIFY\"><span style=\"font-size: 14pt; color: #000000;\">C\u00f3 th\u1ec3 b\u1ea1n l\u00e0 ng\u01b0\u1eddi ch\u01b0a bi\u1ebft ho\u1eb7c ch\u1eb3ng bi\u1ebft nhi\u1ec1u v\u1ec1 Thi\u00ean Ch\u00faa. Sau khi \u0111\u1ecdc xong cu\u1ed1n s\u00e1ch n\u00e0y, ch\u00fang t\u00f4i m\u1eddi b\u1ea1n \u0111\u1ecdc Th\u00e1nh Kinh l\u00e0 L\u1eddi Thi\u00ean Ch\u00faa t\u1ef1 gi\u00e3i b\u00e0y v\u1ec1 ch\u00ednh Ng\u00e0i. B\u1ea1n c\u00f3 th\u1ec3 \u0111\u1ecdc tr\u00ean m\u1ea1ng [2]. Ho\u1eb7c t\u1ea3i xu\u1ed1ng tr\u00ean \u0111i\u1ec7n tho\u1ea1i \u0111\u1ec3 \u0111\u1ecdc [3]. Ch\u00fang t\u00f4i mong r\u1eb1ng, b\u1ea1n s\u1ebd t\u00ecm th\u1ea5y c\u00e1c c\u00e2u tr\u1ea3 l\u1eddi cho c\u00e1c c\u00e2u h\u1ecfi tr\u00ean \u0111\u00e2y; v\u00e0 ch\u00e2n th\u00e0nh, m\u1edf l\u00f2ng m\u00ecnh ra \u0111\u1ec3 tin nh\u1eadn Tin L\u00e0nh C\u1ee9u R\u1ed7i c\u1ee7a \u0110\u1ee9c Ch\u00faa Tr\u1eddi.<\/span><\/p>\n<p align=\"JUSTIFY\"><span style=\"font-size: 14pt; color: #000000;\">C\u00f3 th\u1ec3 b\u1ea1n l\u00e0 ng\u01b0\u1eddi x\u01b0ng nh\u1eadn m\u00ecnh l\u00e0 m\u00f4n \u0111\u1ed3 c\u1ee7a \u0110\u1ea5ng Christ (Christian), \u0111ang s\u1ed1t s\u1eafng sinh ho\u1ea1t trong c\u00e1c gi\u00e1o h\u1ed9i. Nh\u01b0ng b\u1ea1n c\u00f3 th\u1eadt s\u1ef1 \u0111\u00e3 \u1edf trong s\u1ef1 c\u1ee9u r\u1ed7i c\u1ee7a Ch\u00faa hay kh\u00f4ng? Ch\u00fang t\u00f4i mong r\u1eb1ng, c\u00e1c l\u1eddi t\u00e2m t\u00ecnh, l\u00e0m ch\u1ee9ng trong cu\u1ed1n s\u00e1ch n\u00e0y s\u1ebd gi\u00fap cho b\u1ea1n nh\u1eadn th\u1ee9c th\u1ef1c tr\u1ea1ng thu\u1ed9c linh c\u1ee7a ch\u00ednh m\u00ecnh.<\/span><\/p>\n<p align=\"JUSTIFY\"><span style=\"font-size: 14pt; color: #000000;\">\u0110\u1ee9c Ch\u00faa Jesus \u0111\u00e3 ph\u00e1n:<\/span><\/p>\n<p style=\"padding-left: 40px;\" align=\"JUSTIFY\"><span style=\"font-size: 14pt; color: #000000;\"><em>\u201cCh\u1eb3ng ph\u1ea3i h\u1ec5 ai n\u00f3i v\u1edbi Ta r\u1eb1ng: L\u1ea1y Ch\u00faa! L\u1ea1y Ch\u00faa! Th\u00ec s\u1ebd \u0111\u01b0\u1ee3c v\u00e0o trong V\u01b0\u01a1ng Qu\u1ed1c Tr\u1eddi, nh\u01b0ng ai l\u00e0m theo \u00fd mu\u1ed1n c\u1ee7a Cha Ta, \u0110\u1ea5ng \u1edf tr\u00ean tr\u1eddi. Trong ng\u00e0y \u0111\u00f3, nhi\u1ec1u ng\u01b0\u1eddi s\u1ebd th\u01b0a v\u1edbi Ta r\u1eb1ng: L\u1ea1y Ch\u00faa! L\u1ea1y Ch\u00faa! Ch\u00fang t\u00f4i ch\u1eb3ng t\u1eebng nh\u00e2n danh Ng\u00e0i n\u00f3i ti\u00ean tri sao? Nh\u00e2n danh Ng\u00e0i tr\u1eeb qu\u1ef7 sao? Nh\u00e2n danh Ng\u00e0i l\u00e0m nhi\u1ec1u ph\u00e9p l\u1ea1 sao? Khi \u1ea5y, Ta s\u1ebd kh\u1eb3ng \u0111\u1ecbnh v\u1edbi h\u1ecd r\u1eb1ng: Ta ch\u1eb3ng bi\u1ebft c\u00e1c ng\u01b0\u01a1i bao gi\u1edd! H\u00e3y lui ra kh\u1ecfi Ta! C\u00e1c ng\u01b0\u01a1i l\u00e0 nh\u1eefng k\u1ebb l\u00e0m \u00e1c.\u201d\u00a0<\/em>(Ma-thi-\u01a1 7:21-23).<\/span><\/p>\n<p align=\"JUSTIFY\"><span style=\"font-size: 14pt; color: #000000;\">N\u1ebfu b\u1ea1n th\u1eadt \u0111\u00e3 \u1edf trong s\u1ef1 c\u1ee9u r\u1ed7i c\u1ee7a Ch\u00faa th\u00ec ch\u00fang t\u00f4i xin ch\u00fac m\u1eebng b\u1ea1n. Xin b\u1ea1n vui l\u00f2ng ph\u1ed5 bi\u1ebfn cu\u1ed1n s\u00e1ch n\u00e0y \u0111\u1ebfn th\u1eadt nhi\u1ec1u ng\u01b0\u1eddi.<\/span><\/p>\n<p align=\"JUSTIFY\"><span style=\"font-size: 14pt; color: #000000;\">N\u1ebfu b\u1ea1n ch\u1ec9 \u1edf trong m\u1ed9t t\u1ed5 ch\u1ee9c t\u00f4n gi\u00e1o ch\u1ee9 ch\u01b0a \u1edf trong s\u1ef1 c\u1ee9u r\u1ed7i c\u1ee7a Ch\u00faa th\u00ec \u0111\u00e2y l\u00e0 c\u01a1 h\u1ed9i \u0111\u1ec3 b\u1ea1n th\u1eadt l\u00f2ng \u0103n n\u0103n t\u1ed9i v\u00e0 tin nh\u1eadn s\u1ef1 c\u1ee9u r\u1ed7i c\u1ee7a \u0110\u1ee9c Ch\u00faa Tr\u1eddi.<\/span><\/p>\n<p align=\"JUSTIFY\"><span style=\"font-size: 14pt; color: #000000;\">\u1ede cu\u1ed1i cu\u1ed1n s\u00e1ch n\u00e0y l\u00e0 ph\u1ea7n ph\u1ee5 l\u1ee5c g\u1ed3m c\u00f3 c\u00e1c b\u00e0i sau:<\/span><\/p>\n<ul>\n<li>\n<p align=\"JUSTIFY\"><span style=\"font-size: 14pt; color: #000000;\">Tin L\u00e0nh L\u00e0 G\u00ec?<\/span><\/p>\n<\/li>\n<li>\n<p align=\"JUSTIFY\"><span style=\"font-size: 14pt; color: #000000;\">B\u1ea3y L\u1eddi K\u00eau G\u1ecdi c\u1ee7a Ch\u00faa (1)<\/span><\/p>\n<\/li>\n<li>\n<p align=\"JUSTIFY\"><span style=\"font-size: 14pt; color: #000000;\">B\u1ea3y L\u1eddi K\u00eau G\u1ecdi c\u1ee7a Ch\u00faa (2)<\/span><\/p>\n<\/li>\n<li>\n<p align=\"JUSTIFY\"><span style=\"font-size: 14pt; color: #000000;\">B\u1ea3y L\u1eddi K\u00eau G\u1ecdi c\u1ee7a Ch\u00faa (3)<\/span><\/p>\n<\/li>\n<li>\n<p align=\"JUSTIFY\"><span style=\"font-size: 14pt; color: #000000;\">B\u1ea3y L\u1eddi K\u00eau G\u1ecdi c\u1ee7a Ch\u00faa (4)<\/span><\/p>\n<\/li>\n<li>\n<p align=\"JUSTIFY\"><span style=\"font-size: 14pt; color: #000000;\">B\u1ea3y L\u1eddi K\u00eau G\u1ecdi c\u1ee7a Ch\u00faa (5)<\/span><\/p>\n<\/li>\n<li>\n<p align=\"JUSTIFY\"><span style=\"font-size: 14pt; color: #000000;\">B\u1ea3y L\u1eddi K\u00eau G\u1ecdi c\u1ee7a Ch\u00faa (6)<\/span><\/p>\n<\/li>\n<li>\n<p align=\"JUSTIFY\"><span style=\"font-size: 14pt; color: #000000;\">B\u1ea3y L\u1eddi K\u00eau G\u1ecdi c\u1ee7a Ch\u00faa (7)<\/span><\/p>\n<\/li>\n<li>\n<p align=\"JUSTIFY\"><span style=\"font-size: 14pt; color: #000000;\">K\u1ef3 T\u1eadn Th\u1ebf v\u00e0 N\u0103m 2027<\/span><\/p>\n<\/li>\n<li>\n<p align=\"JUSTIFY\"><span style=\"font-size: 14pt; color: #000000;\">N\u1ebfu B\u1ea1n B\u1ecb B\u1ecf L\u1ea1i<\/span><\/p>\n<\/li>\n<\/ul>\n<p align=\"JUSTIFY\"><span style=\"font-size: 14pt; color: #000000;\">C\u00f3 th\u1ec3, khi b\u1ea1n \u0111\u1ecdc cu\u1ed1n s\u00e1ch n\u00e0y th\u00ec \u0110\u1ee9c Ch\u00faa Jesus ch\u01b0a \u0111\u1ebfn \u0111\u1ec3 \u0111em H\u1ed9i Th\u00e1nh c\u1ee7a Ng\u00e0i ra kh\u1ecfi th\u1ebf gian, v\u00e0 K\u1ef3 T\u1eadn Th\u1ebf ch\u01b0a \u0111\u1ebfn. N\u1ebfu l\u00e0 v\u1eady, b\u1ea1n h\u00e3y d\u00e0nh th\u1eddi gian \u0111\u1ecdc Th\u00e1nh Kinh \u0111\u1ec3 hi\u1ec3u bi\u1ebft v\u1ec1 Thi\u00ean Ch\u00faa v\u00e0 tin nh\u1eadn s\u1ef1 c\u1ee9u r\u1ed7i c\u1ee7a Ng\u00e0i. C\u00f3 nh\u1eefng b\u00e0i quan tr\u1ecdng gi\u00fap cho b\u1ea1n hi\u1ec3u n\u1ed9i dung c\u1ee7a Th\u00e1nh Kinh m\u1ed9t c\u00e1ch h\u1ec7 th\u1ed1ng \u0111\u01b0\u1ee3c ch\u00fang t\u00f4i t\u1ed5ng h\u1ee3p tr\u00ean m\u1ea1ng [4], m\u1eddi b\u1ea1n \u0111\u1ecdc v\u00e0 nghe theo th\u1ee9 t\u1ef1 t\u1eeb tr\u00ean xu\u1ed1ng. Ch\u00fang t\u00f4i mong b\u1ea1n s\u1ebd tin nh\u1eadn s\u1ef1 c\u1ee9u r\u1ed7i c\u1ee7a Thi\u00ean Ch\u00faa v\u00e0 s\u1ebd c\u00f9ng ch\u00fang t\u00f4i \u0111\u01b0\u1ee3c \u0110\u1ee9c Ch\u00faa Jesus \u0111em ra kh\u1ecfi th\u1ebf gian, tr\u01b0\u1edbc K\u1ef3 T\u1eadn Th\u1ebf.<\/span><\/p>\n<p align=\"JUSTIFY\"><span style=\"font-size: 14pt; color: #000000;\">Nh\u01b0ng c\u0169ng c\u00f3 th\u1ec3 khi b\u1ea1n \u0111\u1ecdc cu\u1ed1n s\u00e1ch n\u00e0y th\u00ec \u0110\u1ee9c Ch\u00faa Jesus \u0111\u00e3 \u0111em H\u1ed9i Th\u00e1nh c\u1ee7a Ng\u00e0i ra kh\u1ecfi th\u1ebf gian; K\u1ef3 T\u1eadn Th\u1ebf \u0111\u00e3 \u0111\u1ebfn; to\u00e0n th\u1ebf gian \u0111\u00e3 \u1edf d\u01b0\u1edbi quy\u1ec1n cai tr\u1ecb c\u1ee7a m\u1ed9t ch\u00ednh ph\u1ee7 to\u00e0n c\u1ea7u. Su\u1ed1t b\u1ea3y n\u0103m s\u1ebd c\u00f3 nhi\u1ec1u thi\u00ean tai, d\u1ecbch b\u1ec7nh, \u0111\u00f3i k\u00e9m, chi\u1ebfn tranh kh\u1ee7ng khi\u1ebfp ch\u01b0a t\u1eebng c\u00f3 trong l\u1ecbch s\u1eed c\u1ee7a lo\u00e0i ng\u01b0\u1eddi. B\u1ea1n c\u1ea7n th\u1eadt l\u00f2ng \u0103n n\u0103n t\u1ed9i v\u00e0 tin nh\u1eadn Tin L\u00e0nh C\u1ee9u R\u1ed7i c\u1ee7a \u0110\u1ee9c Ch\u00faa Tr\u1eddi \u0111\u1ec3 kh\u00f4ng b\u1ecb h\u01b0 m\u1ea5t \u0111\u1eddi \u0111\u1eddi. B\u1ea1n h\u00e3y s\u1eb5n s\u00e0ng ch\u1ecbu kh\u1ed5 v\u00ec s\u1ef1 b\u00e1ch h\u1ea1i c\u1ee7a ch\u00ednh quy\u1ec1n to\u00e0n c\u1ea7u. Cho d\u00f9 ph\u1ea3i tr\u1ea3 gi\u00e1 b\u1eb1ng m\u1ea1ng s\u1ed1ng c\u0169ng \u0111\u1eebng ch\u1ed1i b\u1ecf \u0111\u1ee9c tin n\u01a1i s\u1ef1 c\u1ee9u chu\u1ed9c c\u1ee7a \u0110\u1ee9c Ch\u00faa Jesus. Th\u00ec b\u1ea1n s\u1ebd \u1edf trong s\u1ef1 c\u1ee9u r\u1ed7i c\u1ee7a \u0110\u1ee9c Ch\u00faa Tr\u1eddi. V\u00e0 d\u00f9 b\u1ea1n c\u00f3 ph\u1ea3i ch\u1ebft \u0111\u1ec3 gi\u1eef v\u1eefng \u0111\u1ee9c tin th\u00ec b\u1ea1n s\u1ebd \u0111\u01b0\u1ee3c s\u1ed1ng l\u1ea1i v\u00e0o cu\u1ed1i K\u1ef3 T\u1eadn Th\u1ebf, \u0111\u1ec3 c\u00f9ng \u0110\u1ee9c Ch\u00faa Jesus cai tr\u1ecb V\u01b0\u01a1ng Qu\u1ed1c Ng\u00e0n N\u0103m [5].<\/span><\/p>\n<p align=\"JUSTIFY\"><span style=\"font-size: 14pt; color: #000000;\">M\u1ecdi th\u1eafc m\u1eafc xin trao \u0111\u1ed5i v\u1edbi Pastor Hu\u1ef3nh Christian Timothy qua \u0111\u1ecba ch\u1ec9 email:\u00a0<a style=\"color: #000000;\" href=\"mailto:timhuynh@timhieuthanhkinh.net\">timhuynh@timhieuthanhkinh.net<\/a><\/span><\/p>\n<p align=\"JUSTIFY\"><span style=\"font-size: 14pt; color: #000000;\">Ch\u00fang t\u00f4i c\u1ea7u xin s\u1ef1 th\u01b0\u01a1ng x\u00f3t v\u00e0 \u01a1n c\u1ee7a Thi\u00ean Ch\u00faa tu\u00f4n \u0111\u1ed5 tr\u00ean b\u1ea5t c\u1ee9 ai \u0111\u1ecdc s\u00e1ch n\u00e0y.<\/span><\/p>\n<p align=\"LEFT\"><span style=\"font-size: 14pt; color: #000000;\"><strong>Ban Bi\u00ean T\u1eadp<\/strong><\/span><br \/>\n<span style=\"font-size: 14pt; color: #000000;\"><strong>31\/03\/2022<\/strong><\/span><\/p>\n<p align=\"LEFT\"><span style=\"font-size: 14pt; color: #000000;\"><strong>Ghi Ch\u00fa<\/strong><\/span><\/p>\n<p align=\"LEFT\"><span style=\"font-size: 14pt;\"><span style=\"color: #000000;\">[1]\u00a0<\/span><a href=\"https:\/\/kytanthe.net\/\">https:\/\/kytanthe.net<\/a><\/span><\/p>\n<p align=\"LEFT\"><span style=\"font-size: 14pt; color: #000000;\">[2] B\u1ea1n c\u00f3 th\u1ec3 \u0111\u1ecdc Th\u00e1nh Kinh tr\u00ean m\u1ea1ng t\u1ea1i c\u00e1c \u0111\u1ecba ch\u1ec9 d\u01b0\u1edbi \u0111\u00e2y:<\/span><\/p>\n<ul>\n<li>\n<p align=\"LEFT\"><span style=\"font-size: 14pt;\"><a href=\"https:\/\/thewordtoyou.net\/bible\">https:\/\/thewordtoyou.net\/bible<\/a><\/span><\/p>\n<\/li>\n<li>\n<p align=\"LEFT\"><span style=\"font-size: 14pt;\"><a href=\"https:\/\/timhieuthanhkinh.com\/thanhkinh\">https:\/\/timhieuthanhkinh.com\/thanhkinh<\/a><\/span><\/p>\n<\/li>\n<li>\n<p align=\"LEFT\"><span style=\"font-size: 14pt;\"><a href=\"https:\/\/thanhkinhvietngu.net\/tiengviet\">https:\/\/thanhkinhvietngu.net\/tiengviet<\/a><\/span><\/p>\n<\/li>\n<li>\n<p align=\"LEFT\"><span style=\"font-size: 14pt;\"><a href=\"https:\/\/thanhkinhvietngu.online\/tiengviet\">https:\/\/thanhkinhvietngu.online\/tiengviet<\/a><\/span><\/p>\n<\/li>\n<\/ul>\n<p align=\"LEFT\"><span style=\"font-size: 14pt; color: #000000;\">[3] B\u1ea1n c\u00f3 th\u1ec3 t\u1ea3i Th\u00e1nh Kinh d\u1ea1ng s\u00e1ch \u0111i\u1ec7n t\u1eed v\u00e0 nhu li\u1ec7u \u0111\u1ecdc Th\u00e1nh Kinh t\u1ea1i c\u00e1c \u0111\u1ecba ch\u1ec9 d\u01b0\u1edbi \u0111\u00e2y:<\/span><\/p>\n<ul>\n<li>\n<p align=\"LEFT\"><span style=\"font-size: 14pt;\"><a href=\"https:\/\/timhieutinlanh.com\/tin-lanh-van-pham\/\">https:\/\/timhieutinlanh.com\/tin-lanh-van-pham\/<\/a><\/span><\/p>\n<\/li>\n<li>\n<p align=\"LEFT\"><span style=\"font-size: 14pt;\"><a href=\"https:\/\/www.thanhkinhvietngu.net\/nhu-lieu-doc-thanh-kinh-ngoi-loi\/\">https:\/\/www.thanhkinhvietngu.net\/nhu-lieu-doc-thanh-kinh-ngoi-loi\/<\/a><\/span><\/p>\n<\/li>\n<\/ul>\n<p align=\"LEFT\"><span style=\"font-size: 14pt;\"><span style=\"color: #000000;\">[4]<\/span>\u00a0<a href=\"https:\/\/timhieuthanhkinh.com\/nhung-bai-can-doc-nghe-truoc\/\">https:\/\/timhieuthanhkinh.com\/nhung-bai-can-doc-nghe-truoc\/<\/a><\/span><\/p>\n<p align=\"LEFT\"><span style=\"font-size: 14pt; color: #000000;\">[5] V\u01b0\u01a1ng Qu\u1ed1c c\u1ee7a \u0110\u1ee9c Ch\u00faa Tr\u1eddi:<\/span><\/p>\n<ul>\n<li>\n<p align=\"LEFT\"><span style=\"font-size: 14pt;\"><a href=\"https:\/\/timhieutinlanh.com\/vuong-quoc-troi-noi-tai\">https:\/\/timhieutinlanh.com\/vuong-quoc-troi-noi-tai<\/a><\/span><\/p>\n<\/li>\n<li>\n<p align=\"LEFT\"><span style=\"font-size: 14pt;\"><a href=\"https:\/\/timhieutinlanh.com\/vuong-quoc-troi-ngan-nam\">https:\/\/timhieutinlanh.com\/vuong-quoc-troi-ngan-nam<\/a><\/span><\/p>\n<\/li>\n<li>\n<p align=\"LEFT\"><span style=\"font-size: 14pt;\"><a href=\"https:\/\/timhieutinlanh.com\/vuong-quoc-troi-doi-doi\">https:\/\/timhieutinlanh.com\/vuong-quoc-troi-doi-doi<\/a><\/span><\/p>\n<\/li>\n<\/ul>\n","protected":false},"excerpt":{"rendered":"<p>YouTube: https:\/\/youtu.be\/MUMm1K9gRx4 T\u1ea3i xu\u1ed1ng: https:\/\/od.lk\/f\/NV8xNzIxNTM1NzFf T\u1ea3i xu\u1ed1ng: https:\/\/soundcloud.com\/huynh-christian-timothy\/00-loinoidau-gracenguyen L\u1eddi N\u00f3i \u0110\u1ea7u K\u00ednh th\u01b0a qu\u00fd b\u1ea1n \u0111\u1ecdc, Cu\u1ed1n s\u00e1ch \u201cL\u1eddi Cu\u1ed1i C\u00f9ng \u0110\u1ec3 L\u1ea1i Cho Th\u1ebf Gian\u201d l\u00e0 t\u1ed5ng h\u1ee3p c\u00e1c <a class=\"more-link\" href=\"https:\/\/timhieuthanhkinh.com\/loi-cuoi-cung-de-lai-cho-the-gian\/\">Continue Reading &rarr;<\/a><\/p>\n","protected":false},"author":1,"featured_media":0,"parent":0,"menu_order":0,"comment_status":"closed","ping_status":"closed","template":"","meta":{"pagelayer_contact_templates":[],"_pagelayer_content":"","footnotes":""},"class_list":["post-11","page","type-page","status-publish","hentry"],"_links":{"self":[{"href":"https:\/\/timhieuthanhkinh.com\/loi-cuoi-cung-de-lai-cho-the-gian\/wp-json\/wp\/v2\/pages\/11","targetHints":{"allow":["GET"]}}],"collection":[{"href":"https:\/\/timhieuthanhkinh.com\/loi-cuoi-cung-de-lai-cho-the-gian\/wp-json\/wp\/v2\/pages"}],"about":[{"href":"https:\/\/timhieuthanhkinh.com\/loi-cuoi-cung-de-lai-cho-the-gian\/wp-json\/wp\/v2\/types\/page"}],"author":[{"embeddable":true,"href":"https:\/\/timhieuthanhkinh.com\/loi-cuoi-cung-de-lai-cho-the-gian\/wp-json\/wp\/v2\/users\/1"}],"replies":[{"embeddable":true,"href":"https:\/\/timhieuthanhkinh.com\/loi-cuoi-cung-de-lai-cho-the-gian\/wp-json\/wp\/v2\/comments?post=11"}],"version-history":[{"count":14,"href":"https:\/\/timhieuthanhkinh.com\/loi-cuoi-cung-de-lai-cho-the-gian\/wp-json\/wp\/v2\/pages\/11\/revisions"}],"predecessor-version":[{"id":2285,"href":"https:\/\/timhieuthanhkinh.com\/loi-cuoi-cung-de-lai-cho-the-gian\/wp-json\/wp\/v2\/pages\/11\/revisions\/2285"}],"wp:attachment":[{"href":"https:\/\/timhieuthanhkinh.com\/loi-cuoi-cung-de-lai-cho-the-gian\/wp-json\/wp\/v2\/media?parent=11"}],"curies":[{"name":"wp","href":"https:\/\/api.w.org\/{rel}","templated":true}]}}