{"id":104,"date":"2014-03-23T16:05:56","date_gmt":"2014-03-23T10:05:56","guid":{"rendered":"http:\/\/www.thieunhi.timhieuthanhkinh.net\/?page_id=104"},"modified":"2020-04-20T17:42:04","modified_gmt":"2020-04-20T10:42:04","slug":"loi-noi-dau","status":"publish","type":"page","link":"https:\/\/timhieuthanhkinh.com\/thieunhi\/loi-noi-dau\/","title":{"rendered":"M\u1ee5c v\u1ee5 gi\u1ea3ng L\u1eddi Ch\u00faa cho c\u00e1c em thi\u1ebfu nhi"},"content":{"rendered":"<p>K\u00ednh th\u01b0a qu\u00fd b\u1ea1n \u0111\u1ecdc,<\/p>\n<p>D\u00f9 b\u1ea1n c\u00f3 ph\u1ea3i l\u00e0 ng\u01b0\u1eddi \u0111\u00e3 tin nh\u1eadn Ch\u00faa hay ch\u01b0a, ch\u00fang t\u00f4i c\u0169ng c\u1ea3m t\u1ea1 \u01a1n Thi\u00ean Ch\u00faa \u0111\u00e3 d\u01b0a d\u1eaft b\u1ea1n \u0111\u1ebfn trang web n\u00e0y.<\/p>\n<p>Nh\u01b0 L\u1eddi Ch\u00faa \u0111\u00e3 c\u00f3 ph\u00e1n d\u1ea1y:<\/p>\n<p style=\"padding-left: 30px;\"><em><strong>&#8220;H\u00e3y d\u1ea1y cho tr\u1ebb th\u01a1 con \u0111\u01b0\u1eddng n\u00f3 ph\u1ea3i theo; D\u1ea7u khi n\u00f3 tr\u1edf v\u1ec1 gi\u00e0, c\u0169ng kh\u00f4ng h\u1ec1 l\u00eca kh\u1ecfi \u0111\u00f3&#8221;<\/strong><\/em><strong> (Ch\u00e2m Ng\u00f4n 22:6)<\/strong><\/p>\n<p>H\u1ed9i Th\u00e1nh Ch\u00faa lu\u00f4n nh\u1eadn ra t\u1ea7m quan tr\u1ecdng c\u1ee7a vi\u1ec7c gi\u1ea3ng L\u1eddi Ch\u00faa cho c\u00e1c em thi\u1ebfu nhi; \u0111\u00f3 c\u00f2n l\u00e0 tr\u00e1ch nhi\u1ec7m c\u1ee7a m\u1ed7i \u00f4ng b\u00e0, cha m\u1eb9, anh ch\u1ecb em \u0111\u1ed1i v\u1edbi thi\u1ebfu nhi tin nh\u1eadn Ch\u00faa.<\/p>\n<p>\u0110\u1ebfn nay, \u0111\u01b0\u1ee3c s\u1ef1 ban \u01a1n c\u1ee7a Ng\u00e0i, H\u1ed9i Th\u00e1nh Ch\u00faa c\u00f3 m\u1edf ra m\u1ee5c v\u1ee5 gi\u1ea3ng L\u1eddi Ch\u00faa cho c\u00e1c em thi\u1ebfu nhi t\u1ea1i ph\u00f2ng h\u1ecdc Paltalk &#8220;<span style=\"color: #000000;\"><strong>Thieu Nhi Tim Hieu Thanh Kinh<\/strong><\/span>&#8221; m\u1ed7i Th\u1ee9 B\u1ea3y h\u00e0ng tu\u1ea7n v\u00e0o l\u00fac <strong>18h00 \u0111\u1ebfn 19h45.<\/strong><\/p>\n<p>Th\u00e2n \u00e1i k\u00ednh m\u1eddi qu\u00fd b\u1ea1n \u0111\u1ecdc gh\u00e9 xem ph\u00f2ng h\u1ecdc.<\/p>\n<p>Qu\u00fd b\u1ea1n c\u00f3 th\u1ec3 xem h\u01b0\u1edbng d\u1eabn tham d\u1ef1 ph\u00f2ng h\u1ecdc t\u1ea1i link sau \u0111\u00e2y:\u00a0<a href=\"http:\/\/www.thieunhi.timhieuthanhkinh.net\/huong-dan-tham-du-phong-hoc-thieu-nhi-tim-hieu-thanh-kinh\/\" target=\"_blank\" rel=\"noopener noreferrer\">http:\/\/www.thieunhi.timhieuthanhkinh.net\/huong-dan-tham-du-phong-hoc-thieu-nhi-tim-hieu-thanh-kinh\/<\/a><\/p>\n<p>Ch\u00fang t\u00f4i ch\u1ec9 tin v\u00e0o Th\u00e1nh Kinh l\u00e0 L\u1eddi h\u1eb1ng s\u1ed1ng c\u1ee7a \u0110\u1ee9c Ch\u00faa Tr\u1eddi, l\u00e0 L\u1ebd Th\u1eadt khi\u1ebfn ch\u00fang ta n\u00ean th\u00e1nh, l\u00e0 t\u00ecnh y\u00eau v\u00f4 b\u1edd b\u1ebfn, v\u00e0 l\u00e0 quy\u1ec1n ph\u00e9p \u0111\u1ec3 c\u1ee9u m\u1ecdi k\u1ebb tin.<\/p>\n<p>L\u1eddi Ch\u00faa trong s\u00e1ch\u00a0II Ti-m\u00f4-th\u00ea ch\u01b0\u01a1ng 3, c\u00e2u 16 ch\u00e9p:<\/p>\n<p style=\"padding-left: 30px;\"><strong><em>&#8220;C\u1ea3 Th\u00e1nh Kinh \u0111\u1ec1u l\u00e0 b\u1edfi Thi\u00ean Ch\u00faa h\u00e0 h\u01a1i, c\u00f3 \u00edch cho s\u1ef1 d\u1ea1y d\u1ed7, b\u1ebb tr\u00e1ch, s\u1eeda tr\u1ecb, d\u1ea1y ng\u01b0\u1eddi trong s\u1ef1 c\u00f4ng b\u00ecnh,&#8221;<\/em><\/strong><\/p>\n<p>Ch\u00fang t\u00f4i kh\u00f4ng thu\u1ed9c b\u1ea5t c\u1ee9 m\u1ed9t t\u1ed5 ch\u1ee9c t\u00f4n gi\u00e1o hay gi\u00e1o ph\u00e1i n\u00e0o, ch\u00fang t\u00f4i tin v\u00e0o c\u00e1c tin l\u00fd c\u01a1 b\u1ea3n \u0111\u01b0\u1ee3c b\u00e0y t\u1ecf trong Th\u00e1nh Kinh t\u1ea1i trang sau: <a href=\"http:\/\/timhieuthanhkinh.net\/?p=245\">http:\/\/timhieuthanhkinh.net\/?p=245<\/a><\/p>\n<p>Ch\u00fang t\u00f4i c\u1eady \u01a1n Thi\u00ean Ch\u00faa ban m\u00e0 bi\u00ean t\u1eadp nh\u1eefng b\u00e0i gi\u1ea3ng d\u1ef1a tr\u00ean L\u1eddi d\u1ea1y c\u1ee7a Th\u00e1nh Kinh ph\u00f9 h\u1ee3p v\u1edbi c\u00e1c em nh\u1ecf. Ch\u00fang t\u00f4i c\u1ea7u nguy\u1ec7n v\u00e0 xin s\u1ef1 soi d\u1eabn c\u1ee7a \u0110\u1ee9c Th\u00e1nh Linh cho m\u1ee5c v\u1ee5 n\u00e0y; hy v\u1ecdng r\u1eb1ng qua nh\u1eefng b\u00e0i v\u1edf c\u1ee7a website c\u00f3 th\u1ec3 gi\u00fap \u00edch cho qu\u00fd con d\u00e2n Ch\u00faa kh\u1eafp g\u1ea7n xa, \u0111\u1eb7c bi\u1ec7t l\u00e0 c\u00e1c em thi\u1ebfu nhi.<\/p>\n<p><strong>Ch\u01b0\u01a1ng tr\u00ecnh t\u1ed5ng qu\u00e1t c\u1ee7a bu\u1ed5i nh\u00f3m \u0111\u01b0\u1ee3c t\u1ed5 ch\u1ee9c nh\u01b0 sau:<\/strong><\/p>\n<p><a href=\"https:\/\/timhieuthanhkinh.com\/thieunhi\/wp-content\/uploads\/2014\/03\/ChuongTrinhTongQuat1.jpg\"><img loading=\"lazy\" decoding=\"async\" class=\"aligncenter size-full wp-image-524\" src=\"https:\/\/timhieuthanhkinh.com\/thieunhi\/wp-content\/uploads\/2014\/03\/ChuongTrinhTongQuat1.jpg\" alt=\"ThieuNhi.TimHieuThanhKinh.net\" width=\"2100\" height=\"3500\" \/><\/a><\/p>\n<p>Ch\u00fac qu\u00fd v\u1ecb v\u00e0 c\u00e1c b\u1ea1n \u0111\u01b0\u1ee3c b\u00ecnh an t\u1eeb Thi\u00ean Ch\u00faa!<\/p>\n<p>Trong \u00e2n \u0111i\u1ec3n c\u1ee7a Ch\u00faa Jesus Christ.<br \/>\nBan \u0110i\u1ec1u H\u00e0nh M\u1ee5c V\u1ee5 Thi\u1ebfu Nhi T\u00ecm Hi\u1ec3u Th\u00e1nh Kinh<\/p>\n","protected":false},"excerpt":{"rendered":"<p>K\u00ednh th\u01b0a qu\u00fd b\u1ea1n \u0111\u1ecdc, D\u00f9 b\u1ea1n c\u00f3 ph\u1ea3i l\u00e0 ng\u01b0\u1eddi \u0111\u00e3 tin nh\u1eadn Ch\u00faa hay ch\u01b0a, ch\u00fang t\u00f4i c\u0169ng c\u1ea3m t\u1ea1 \u01a1n Thi\u00ean Ch\u00faa \u0111\u00e3 d\u01b0a d\u1eaft b\u1ea1n \u0111\u1ebfn <a class=\"more-link\" href=\"https:\/\/timhieuthanhkinh.com\/thieunhi\/loi-noi-dau\/\">Continue Reading &rarr;<\/a><\/p>\n","protected":false},"author":1,"featured_media":524,"parent":0,"menu_order":0,"comment_status":"closed","ping_status":"closed","template":"","meta":{"footnotes":""},"class_list":["post-104","page","type-page","status-publish","has-post-thumbnail","hentry"],"_links":{"self":[{"href":"https:\/\/timhieuthanhkinh.com\/thieunhi\/wp-json\/wp\/v2\/pages\/104","targetHints":{"allow":["GET"]}}],"collection":[{"href":"https:\/\/timhieuthanhkinh.com\/thieunhi\/wp-json\/wp\/v2\/pages"}],"about":[{"href":"https:\/\/timhieuthanhkinh.com\/thieunhi\/wp-json\/wp\/v2\/types\/page"}],"author":[{"embeddable":true,"href":"https:\/\/timhieuthanhkinh.com\/thieunhi\/wp-json\/wp\/v2\/users\/1"}],"replies":[{"embeddable":true,"href":"https:\/\/timhieuthanhkinh.com\/thieunhi\/wp-json\/wp\/v2\/comments?post=104"}],"version-history":[{"count":10,"href":"https:\/\/timhieuthanhkinh.com\/thieunhi\/wp-json\/wp\/v2\/pages\/104\/revisions"}],"predecessor-version":[{"id":4315,"href":"https:\/\/timhieuthanhkinh.com\/thieunhi\/wp-json\/wp\/v2\/pages\/104\/revisions\/4315"}],"wp:featuredmedia":[{"embeddable":true,"href":"https:\/\/timhieuthanhkinh.com\/thieunhi\/wp-json\/wp\/v2\/media\/524"}],"wp:attachment":[{"href":"https:\/\/timhieuthanhkinh.com\/thieunhi\/wp-json\/wp\/v2\/media?parent=104"}],"curies":[{"name":"wp","href":"https:\/\/api.w.org\/{rel}","templated":true}]}}